.
31
Let t(g) = -64*g + 16. Let w be t(-2). What is the highest common divisor of w and 24?
24
Suppose -7 = -5*u + 13. Suppose 2*r - 3*r + 3*c = -12, 0 = -2*r + u*c + 22. Suppose -r = -d + 2. What is the highest common factor of 77 and d?
11
Let q be (684/4)/((-7 + 6)/(-5)). What is the greatest common factor of 45 and q?
45
Let d be (-10132)/170 - (-1)/(10/(-4)). Let r be (-3)/(-5)*-2*d/9. What is the greatest common factor of r and 8?
8
Let z = 23 - 17. Suppose z*p = 2*a + 3*p - 245, 5*p + 610 = 5*a. Let u = -9 - -20. What is the highest common divisor of a and u?
11
Let p be 9/(2/(-4) + 31/58). What is the highest common divisor of 72 and p?
9
Let p be 32 + 1 + -2 - 1. Let m(r) = 7*r**3 - 5*r**2 - 11*r**3 + 4*r + 3*r**3 - 2. Let b be m(-6). What is the greatest common factor of p and b?
10
Let l be (-188)/(-8)*(2 - 4). Let s = 67 - 96. Let p = s - l. What is the greatest common divisor of p and 54?
18
Let n = -30 - -28. Let k(r) = -4*r - 2. Let m be k(n). What is the highest common factor of 8 and m?
2
Let v = 105 + -211. Let n = 146 + v. Calculate the highest common factor of n and 8.
8
Let z(h) = h**3 - 21*h**2 + 23*h + 65. Let d be z(20). What is the greatest common divisor of d and 5?
5
Let r be (28/(-20))/7 - 936/20. Suppose -3*j + 348 = j. Let o = j + r. Calculate the greatest common divisor of o and 100.
20
Let p(i) = -i**2 + 8*i + 24. Let w be p(11). Let l = 42 + w. What is the greatest common factor of l and 165?
33
Let x = -175 - -207. What is the greatest common factor of x and 72?
8
Suppose -14 = -o - u, -5*o + 22 + 18 = -u. What is the highest common factor of 243 and o?
9
Let w be (-284)/(-8)*2 - -1. Let x = w - 47. Let s(t) = 2*t + 9. Let q be s(8). Calculate the highest common divisor of x and q.
25
Let l = 27 + -13. Let w be (-8)/5*(-35)/14. Suppose -w*j = -12, -5*q + 4*j = -32 - 26. Calculate the greatest common factor of l and q.
14
Let t = 789 + -371. Calculate the greatest common factor of t and 38.
38
Let c be 6/(-18) - 194/(-6). Suppose 5*p - 35 = 3*h + 3, -3*h = 2*p - c. What is the greatest common divisor of 80 and p?
10
Let r(w) = 2*w - 19. Let q be r(5). Let b be q/((-18)/(-8)) - (-23 + 0). What is the highest common divisor of 171 and b?
19
Let x = 2037 + -1387. Calculate the greatest common divisor of 52 and x.
26
Let o be 96*((-2)/(-18) + 20/90). Calculate the highest common factor of 224 and o.
32
Let j be -6 - (-8 - -403)*6/(-2). Calculate the greatest common divisor of 9 and j.
9
Suppose -5*n + 18 - 8 = 0. Let b(h) = -4*h - 2*h**2 - 4*h + 4*h**n. Let s be b(6). What is the highest common divisor of s and 60?
12
Suppose -15*x - 18 = -3813. What is the highest common divisor of x and 23?
23
Suppose -5*w = -3*t - 0*w + 55, -40 = -2*t + 5*w. Let r = -1 - -4. What is the greatest common divisor of r and t?
3
Suppose p - 10 = -4*p. Suppose 0 = -p*q + 7*q - 60. Suppose -5*w - 3*h + 252 = 0, -w - 4*h - 176 = -5*w. Calculate the greatest common divisor of w and q.
12
Suppose 3*m - 70 = -2*t + 43, 0 = 3*t - 2*m - 189. What is the greatest common divisor of 976 and t?
61
Suppose 25 = 2*q - 5. Let b = -8 + 128. What is the highest common factor of q and b?
15
Let v be -5 - (-42)/4*216/126. Calculate the greatest common divisor of v and 377.
13
Let l be (-100386)/(-243) - 1/9. What is the highest common factor of l and 118?
59
Suppose -3*t - 4712 = -5*m, -2*t - t - 3769 = -4*m. Calculate the highest common divisor of m and 23.
23
Suppose -18 = -3*p + 3. Let b = -37 - -59. Let u be (-3060)/(-110) - ((-26)/b + 1). Calculate the highest common factor of p and u.
7
Let v(m) = -3*m - 6. Let o be v(-2). Suppose -5*c - 17 + 197 = o. Let u = 47 + -23. What is the highest common divisor of c and u?
12
Suppose 2*u - 20 = -m, -1 = 3*m - 13. Suppose 2*y - 375 = -5*j, j + 3*y - 102 = u*y. Calculate the highest common divisor of j and 11.
11
Suppose 14*i - 13*i - 55 = 0. What is the highest common divisor of 605 and i?
55
Let v = 516 - 176. Let l = -175 + v. Calculate the highest common factor of l and 15.
15
Let w = 1771 - 1762. What is the highest common divisor of w and 576?
9
Let u(j) = j + 2. Let s be u(6). What is the greatest common factor of s and 1?
1
Let f be 7/3 + 16/24. Suppose 2*h + f*o - 12 = 11, o = 5*h - 66. Let t be (-27 + 1)/((-8)/16). What is the greatest common factor of h and t?
13
Let p(g) = 11*g**2 - 18*g + 17. Let k be p(4). What is the greatest common factor of k and 11?
11
Let j = 27 - 53. Let g = 4 - j. What is the greatest common factor of 12 and g?
6
Suppose -57*m = -12*m - 15435. What is the highest common factor of 14 and m?
7
Suppose 0*c - 110 = -2*c. Suppose 5*i - 30 = -u - u, 4*u = -3*i + 60. Suppose 7*m - u*m + 40 = 0. What is the highest common divisor of c and m?
5
Let c = -705 + 825. Let w be 8/(-36) + 110/9. Calculate the greatest common divisor of w and c.
12
Let w = -8 + 110. Let p(r) = 4*r**2 - 2*r + 5. Let z = -29 - -31. Let c be p(z). What is the highest common factor of c and w?
17
Suppose 3*i + 6 = 0, 2*r + 9 = 2*i + 123. Let v(q) = 3*q + 1. Let g be v(7). Calculate the greatest common factor of g and r.
11
Let d(f) = -5*f - 8. Let b(t) = 9*t + 15. Let n(u) = -6*b(u) - 11*d(u). Let p be 2 + 0 + (2 - 1). Let v be n(p). Calculate the highest common factor of v and 9.
1
Let d(o) = 259*o - 746. Let l be d(3). Let f be (-1)/(2/(-248)) + 0. What is the highest common factor of f and l?
31
Suppose 2086*p + 48 = 2090*p. What is the highest common factor of 882 and p?
6
Let h(o) = -o**2 - 37*o - 304. Let f be h(-17). What is the highest common divisor of 414 and f?
18
Let a be 2/(1 + 0) - -22. What is the highest common factor of 204 and a?
12
Let u = -2537 + 2547. Calculate the greatest common factor of u and 190.
10
Let m be (-6)/10 - 280/(-50). Let t be (-13 + 5)/((-1)/m). Suppose -a + 16 = a. Calculate the highest common divisor of a and t.
8
Let g(f) = -f**3 + 6*f**2 + 6*f - 8. Suppose 3*r - 3 = -v - v, 0 = 2*v + r - 9. Let q be g(v). Calculate the greatest common factor of q and 14.
14
Suppose 4*q = 3*q + 6*q. Suppose q = 4*u + 16 - 0, 0 = 3*p - 4*u - 331. What is the highest common factor of p and 21?
21
Let p(r) be the first derivative of r**3/3 + 9*r**2/2 - 34*r - 7. Let q be p(-14). Calculate the greatest common factor of q and 24.
12
Let u be (-2)/(2 + 50/(-24)). Suppose 0 = -u*v + 23*v + 10. Calculate the highest common divisor of 110 and v.
10
Let d be ((-2136)/9)/(-4)*(1 + 2). Let y = d - 70. Calculate the highest common divisor of y and 24.
12
Let l = -3 - -83. What is the highest common factor of l and 16?
16
Suppose 98 + 112 = 3*q. Calculate the greatest common divisor of 56 and q.
14
Suppose -4*y - 42 = -194. Suppose -2*q + m + y = 2*q, 0 = 2*q + m - 16. Calculate the highest common factor of 45 and q.
9
Let z(h) = 12*h**2 + 3*h - 7. Let f = -74 - -77. Let i be z(f). Calculate the greatest common factor of 44 and i.
22
Let q = -70 - -74. Suppose -q*y + 160 - 52 = 0. What is the greatest common divisor of y and 297?
27
Let v(u) = u**3 + 18*u**2 + 33*u - 70. Let m be v(-15). Calculate the greatest common factor of m and 396.
22
Let f = -933 + 1113. What is the greatest common factor of 660 and f?
60
Let m(n) = 4*n**2 - 154*n - 128. Let t be m(40). Calculate the highest common divisor of 176 and t.
16
Let h be ((-16)/(-12))/((-4)/(-144)). Let l be 3*(-2)/8*-8. What is the highest common factor of h and l?
6
Suppose 174 = w + 134. Suppose -w = -3*u - 28. Calculate the greatest common factor of 32 and u.
4
Let m(v) = 4*v**2 - 17*v - 32. Let u be m(6). Suppose -5*r = 3*j - 56 + 1, 3*r = 5*j - 69. Calculate the highest common divisor of j and u.
5
Let o(n) = n**2 - 29*n - 145. Let w be o(35). Calculate the greatest common divisor of w and 91.
13
Let s = -114 + 595. What is the highest common factor of s and 74?
37
Suppose 9*m = 11571 - 3795. What is the highest common divisor of m and 27?
27
Let h(m) = 3*m**2 + 8*m. Let d(q) = -16*q**2 - 41*q - 1. Let o(z) = 2*d(z) + 11*h(z). Let b be o(8). Calculate the highest common divisor of 10 and b.
10
Suppose -4*r + 244 = -a, a + 3 + 1 = 0. Suppose -l + 6*l - r = -2*s, 0 = 4*l + s - 48. What is the greatest common divisor of l and 16?
4
Let z(w) = -2*w. Let v be z(-2). Suppose v = -2*t - 0*t. Let l be 30 - (t - 1) - 1. What is the highest co